+ f + 1 = 9. Calculate the remainder when 75 is divided by p.
10
Let p(h) = 2*h + 12. Let a be p(-4). Suppose 0 = 4*y + y - x - 140, -103 = -a*y - x. What is the remainder when y is divided by -2 + 1 - 15/(-1)?
13
Let i = -23 - -147. Let b = -117 + i. What is the remainder when 15 is divided by b?
1
Let v(b) = 2*b + 51. Suppose 5*g = 3*c - 84, -21 = -g + 2*g - 2*c. Suppose -36 + 12 = -3*o. What is the remainder when v(g) is divided by o?
5
Let o = 21 + 3. Let w be 226*(-28)/(-36) - 4/(-18). Let g = w + -81. Calculate the remainder when g is divided by o.
23
Let r(c) = c**3 - 6*c**2 - 10*c + 28. What is the remainder when 29 is divided by r(7)?
1
Let m(y) = -y**3 + 3*y**2 + y - 9. Let v be m(-4). Let r = v + -63. What is the remainder when 105 is divided by r?
33
Suppose 0 = 7*l - l - 12. Suppose 5*p + 231 = 4*k, -5*k - l*p + 0*p = -297. What is the remainder when k is divided by 12?
11
Let y be (-4)/(-14)*21/3. Suppose c = y*c - 5. Suppose -s + 1 - 6 = 0, c*p - 90 = -3*s. What is the remainder when p is divided by 8?
5
Let z = -102 - -103. Let j(u) = u**2 + 7*u + 7. Let r be j(-7). Suppose 0 = -b + 3*b - 5*h - r, 3*h = -4*b + 1. What is the remainder when b is divided by z?
0
Let l = 83 - -123. Let z = l - 136. Calculate the remainder when z is divided by 18.
16
Let a(l) = 18*l**2 + 135*l + 73. Calculate the remainder when 6/(-21) - 228/(-14) is divided by a(-7).
6
Calculate the remainder when ((-2)/5)/(12/(-10260)) is divided by 69.
66
Let b(a) = a**2 - 2*a. Let q be b(3). Suppose -2*t = q*t - 10. Suppose 4*w = -2*u, 5*u + 8 = -w - 1. Calculate the remainder when t is divided by w.
0
Suppose 4*m + 76 - 552 = 0. What is the remainder when m is divided by -60 + 63 + 19 + 0 - 2?
19
Let r(t) = 4*t + 218. What is the remainder when 858 is divided by r(-33)?
84
Suppose 67 = 3*x - 50. Suppose -5 = -c + 1. Let j(m) = -m**3 + 5*m**2 + 6*m + 10. Calculate the remainder when x is divided by j(c).
9
Suppose 0 = -5*y + 227 + 145 + 178. What is the remainder when y is divided by 74/2 - (1 + -1)?
36
Let n(l) = -l**3 - l**2 - l + 4. Let d be n(0). Calculate the remainder when ((-45)/(-10))/(d/24) is divided by 7.
6
What is the remainder when 54 is divided by 28 + -22 + 21 + -2?
4
Let m(u) = -20*u + 17. What is the remainder when m(-5) is divided by 12?
9
Suppose t + 3*t = 40. Let n(z) = 10*z - 13. Let m(b) = 9*b - 12. Let k(d) = -5*m(d) + 4*n(d). Calculate the remainder when k(-2) is divided by t.
8
Let f(x) = x**2 - 32*x - 128. Calculate the remainder when 133 is divided by f(-4).
5
Suppose 0*g + 2*g = -54. What is the remainder when -9*(6/g - 0) + 49 is divided by 28?
23
Let u(k) = 7*k - 333. What is the remainder when 209 is divided by u(58)?
63
Suppose 27*x - 24*x - 30 = 0. Calculate the remainder when 99 is divided by x.
9
Suppose -5*h - 2*d + 2486 = 0, -3*h + 2*h + 492 = 3*d. What is the remainder when h is divided by 10?
8
Let q = 22 - 13. Let l(m) = 3*m + 21. Let y be l(-6). Suppose 11*z - 280 = y*z. Calculate the remainder when z is divided by q.
8
Suppose -26 = -w + v, -v + 150 = 5*w + 2. Suppose -n - n = -4. What is the remainder when w is divided by (12/n)/((-6)/(-16))?
13
What is the remainder when 129 is divided by (17 + (-405)/20)/(2/(-16))?
25
Let n = 34 + -20. Suppose -n = d - 17. Suppose 22*k - 19*k - 9 = 0. What is the remainder when k is divided by d?
0
Let b = 310 - 505. What is the remainder when 33 is divided by ((-2)/(-6))/(((-5)/1)/b)?
7
Suppose -4*j + 30 + 222 = 0. Suppose -g - 4*g = 185. Let f = 59 + g. Calculate the remainder when j is divided by f.
19
Let a = 991 + -795. Let m(k) = 5*k**2 + k. What is the remainder when a is divided by m(-2)?
16
Let j = 710 + -697. What is the remainder when 112 is divided by j?
8
Suppose 4*t = -253 - 223. Let q = -113 - t. What is the remainder when 23 is divided by q?
5
Let x(g) = 32*g**2 + 11*g + 11. Let t be x(-8). Suppose 52 = 3*o - 4*s - s, -23 = -o - 4*s. Calculate the remainder when t/9*(-1)/(-3) is divided by o.
16
What is the remainder when 187 is divided by (94/(-4))/(((-77)/22)/7)?
46
Suppose 77 = -2*x + 513. Suppose -2*m + x = 2*t, -2*t + 0*m = 3*m - 221. Calculate the remainder when t is divided by 22.
18
Let a = 3 - 3. Suppose a = -3*n + 4*n - 5. Suppose 35 = 5*o + 5*y, -3*y = -0*o + 4*o - 29. What is the remainder when o is divided by n?
3
Let t(x) = -2*x**2 - 2*x - 1. Let o be t(2). Let u(c) = -c**3 - 13*c**2 + c + 4. Let m be u(o). Let b = 19 + m. Calculate the remainder when b is divided by 6.
4
Let z = -101 - -177. What is the remainder when (z/10)/(34/10 - 3) is divided by 11?
8
Let h(g) = g + 4. Let l be h(-8). Let q be l*(2 + (-7)/2). Let y(m) = m**2 + 2*m + 8. Calculate the remainder when y(q) is divided by 19.
18
Let k(g) = 5*g + 15. Let i be k(-2). Suppose 2*a = 5*a - d - 73, -d = -i. Calculate the remainder when 128 is divided by a.
24
Suppose -12*a + 841 = 301. Calculate the remainder when 72 is divided by a.
27
Let j(g) = 2*g**3 - g**2 - 3*g - 1. Let t be j(-2). Let x = 3 - t. Let r = x - -8. What is the remainder when r is divided by 14?
12
Let k = -102 - -138. What is the remainder when 215 is divided by k?
35
Let i(x) = 50*x + 1. Let s = 728 + -715. Calculate the remainder when i(1) is divided by s.
12
What is the remainder when 68 is divided by 1 - ((1 - 25) + 50/(-10))?
8
Let x(o) = -o + 125. Let q be x(0). Suppose 2*l - p - q = 0, 122 = 2*l - 0*p - 4*p. What is the remainder when l is divided by 18?
9
Let r = -7 - -38. Suppose -16*m + 113 = -143. Calculate the remainder when r is divided by m.
15
Suppose 5*l - v = -346, 0*l = l - 2*v + 71. What is the remainder when (2 - -2)/(-4)*l is divided by 14?
13
Suppose 1 = 4*n - 7. Suppose -v - 4*d = -10, -v + 2*d = 4*d - 6. Suppose -264*y - v = -265*y. Calculate the remainder when n is divided by y.
0
Let q(c) = -c**3 - 2*c**2 + 6*c + 6. Let s be q(-4). Let k = s - -10. Let j(l) = l**2 + 6*l + 2. What is the remainder when k is divided by j(-7)?
6
Let y(b) = b**2 - 5*b + 1. Let q be y(3). Let m = 11 + q. Calculate the remainder when 9 is divided by m.
3
Suppose -145 - 359 = -24*a. What is the remainder when 188 is divided by a?
20
Let p(u) = 2*u**3 - 22*u**2 + 10*u - 36. Calculate the remainder when p(11) is divided by 30.
14
Let c(y) = -y**2 + 11*y - 30. Let f be c(8). Calculate the remainder when (-36)/27 - 1766/f is divided by 49.
48
Suppose -5*s = 22 - 147. Suppose 3*m - 8*m = -s. Suppose d = -4*o - 11 + 38, -m*d + 51 = -o. What is the remainder when d is divided by 4?
3
Let r = -280 - -285. Calculate the remainder when 8 is divided by r.
3
Calculate the remainder when (-882)/(-16) + (-11)/(-4 - -92) is divided by 23.
9
Let q = -1395 + 1451. Suppose -3*d = w - 0*w - 7, 0 = -2*d - 8. What is the remainder when q is divided by w?
18
Let d(x) = x**2 - 2*x + 1462. What is the remainder when d(0) is divided by 19?
18
Suppose -20*m - 45 = -35*m. Calculate the remainder when 94 is divided by m.
1
Suppose 16*n + 16 = o + 11*n, -o + 20 = -3*n. Calculate the remainder when 311 is divided by o.
25
Suppose z = m + 37, -3 = m - 8. What is the remainder when 77 is divided by z?
35
Suppose 22 = t - f, -4*f + 16 = -8*f. Suppose 2*l - t = 172. What is the remainder when l is divided by 25?
20
Let p = 217 + -205. Calculate the remainder when 299 is divided by p.
11
What is the remainder when (-18834)/43*6/(-4) is divided by 15?
12
Let j(i) = -7*i - 4. Let b(k) = k**3 + 6*k**2 - 10*k + 7. Calculate the remainder when b(-6) is divided by j(-4).
19
Let s = -31 + 34. Suppose -2*c - 180 = -5*d + 3*c, 5*d - 164 = -s*c. Calculate the remainder when d is divided by 5.
4
Let r be (-564)/(-52) - 4/(-26). Let b = 12 + r. Calculate the remainder when b is divided by (5/15)/(1/39).
10
Let b = -34 - -38. Suppose -2*u + 64 = 4*p, u - 16 = b*p + 40. Calculate the remainder when u is divided by 14.
12
Let h(x) = 23*x - 27. What is the remainder when h(4) is divided by 23?
19
Let w(o) = o**2 - 3*o - 3. Let j be w(-2). What is the remainder when ((-70)/(-49))/(1/j) is divided by 3?
1
Let q(v) be the first derivative of 7*v**3/3 + v**2/2 + 6*v - 5. What is the remainder when q(-2) is divided by 5 + -1*4/(-2)?
4
Calculate the remainder when 28 is divided by 7 - -3 - (3 + -1).
4
Let p(q) = -5*q + 26. Let m(h) = 3*h - 13. Let f(k) = -9*m(k) - 4*p(k). 